 the hundreds digit of 1 + (-15)/((-9 - -2)/8323)?
8
Let j(r) = 37*r**2 + 69*r - 420. What is the ten thousands digit of j(19)?
1
Let t = 18346 + -10433. What is the units digit of t?
3
Let x = 4850 + 3485. What is the hundreds digit of x?
3
Suppose 2*f = 7*f - 50. Let y be (-24)/30 - 6862/f. What is the units digit of (-4)/12 - y/9?
6
Let x = 45488 - 26711. What is the tens digit of x?
7
Let o = 2539 + -1660. Let y = -451 + o. What is the tens digit of y?
2
Suppose 11*a - 147 = 14*a. Let n = a + 10. What is the units digit of (n/2)/((-15)/50)?
5
Let q = 29 - 204. Let v = 29 - q. What is the units digit of v?
4
Suppose -629 = -2*y - 5*p, 2*p = -0*y - 4*y + 1234. Let j = y - 24. What is the units digit of j?
3
Let i(m) = m**2 - 7*m + 88. What is the hundreds digit of i(28)?
6
Let r = -57 - -53. What is the tens digit of 6/9*(-2706)/r?
5
Let o(n) = -10*n - 44. Let i(x) = -2*x**2 - 2*x. Let c be i(-2). Let g be o(c). What is the tens digit of 2 + 25 + 4 + (-16)/g?
3
Suppose -5*n + 282268 - 16068 = 6*n. What is the tens digit of n?
0
Let o = -133 - -138. Let h(a) = -2*a**3 - 4*a**2 - 4*a - 3. Let w be h(-2). Suppose 5*f - 45 = o*y, 8 = -w*f + 3*y + 49. What is the units digit of f?
7
Let r = 11 - 41. Let d = 40 + r. Suppose -325 + d = -5*y. What is the tens digit of y?
6
Suppose -4*y - 18392 = -z - 169048, 4*y - 3*z - 150648 = 0. What is the units digit of y?
5
Let x = 101146 + -70053. What is the thousands digit of x?
1
Suppose 9*z + v = 7*z + 21052, 4*z - 3*v - 42074 = 0. What is the thousands digit of z?
0
Let w = 1829 + 4993. What is the thousands digit of w?
6
Suppose 0 = 8*g - 32. What is the tens digit of 743 + (1/(-2))/(g/(-40))?
4
Let p be (-1 - 7/(-9)) + (-1632)/(-54). Suppose 42 = 2*c - l, 0 = -5*c + 6*c - 5*l - p. What is the tens digit of c?
2
Let d(t) = -719*t + 2821. What is the units digit of d(-31)?
0
Let m(r) = r**2 + r - 38. Let q be m(-7). Suppose q = 2*y - 6. Suppose s + 2*b - 173 = 0, -4*s + 5*b = -y*s + 182. What is the tens digit of s?
6
What is the ten thousands digit of 3 - (-1*(-5 + 4))/(1/(-10889))?
1
Let v(b) = -26*b + 7. Let j be v(-3). Let r be (-3 + 2)*(-4 - (j - 2)). Suppose -10*w - r = -13*w. What is the tens digit of w?
2
Let u = 1013 + 3627. What is the thousands digit of u?
4
Let q be ((-2)/4)/(-3 + 34/12). Suppose q + 0 = k. Suppose 0 = k*n - 0*n - 327. What is the hundreds digit of n?
1
Let t = 872 + -856. Suppose -10457 = -t*d - 1705. What is the units digit of d?
7
Suppose -3*f = -4*c + 31, -27 = 4*f + 3*c + 6. Let o = f + 15. What is the tens digit of (-6)/18 - (-1148)/o?
9
Let f(x) = -11*x + 51. Let y be f(12). Let v be (-250)/((-9)/(y/(-6))). Let c = 646 - v. What is the units digit of c?
1
Suppose 5*u = a + 45068, 16*u - 27040 = 13*u + a. What is the tens digit of u?
1
What is the ten thousands digit of 1798*2/((-48)/(-314)) - 1/(-6)?
2
Let n = -10883 + 19811. What is the units digit of n?
8
Suppose 3*u - 92 = 2194. Suppose u + 171 = 3*n. What is the tens digit of n?
1
Let d = 343 - 138. Suppose 6*y = -d + 1957. Suppose 0*x + 705 = 5*x - 5*j, -2*x + 4*j + y = 0. What is the units digit of x?
6
Suppose 0 = 88*u - 75*u - 46462. What is the tens digit of u?
7
Let d = 11151 + -2288. What is the tens digit of d?
6
Suppose 2*m = 3*t - 8976, -6776 - 2182 = -3*t - 4*m. What is the units digit of t?
0
Let q(x) = 58*x**2 - 39*x + 56. What is the hundreds digit of q(-10)?
2
Let i(n) be the third derivative of 17*n**5/60 + 7*n**4/24 - n**2. Let k be i(8). Suppose 242 = 11*x - k. What is the hundreds digit of x?
1
Let q(w) = w**3 + 22*w**2 - 91*w + 26. Let r(t) = 2*t**3 + 43*t**2 - 182*t + 53. Let f(g) = -13*q(g) + 6*r(g). What is the units digit of f(-31)?
2
Let m = 46982 + -7329. What is the tens digit of m?
5
Let q(i) = -i**3 + 11*i**2 - 17*i. Let x be q(9). Suppose -v - 2*r - x = 4*v, -2*r = -4*v. Let m = 20 - v. What is the units digit of m?
1
Let d = 3648 + 3570. What is the hundreds digit of d?
2
Let i(k) = 55*k - 3. Let m(z) = -z**2 - 25*z + 118. Let f be m(-29). What is the tens digit of i(f)?
0
What is the hundreds digit of 0 - ((85/(-15))/17 + (-60533)/3)?
1
Let y(h) = h**2 + 4*h - 27. Let g be y(-15). Let p be (-7 + 3)/((-2)/14). Let t = g - p. What is the tens digit of t?
1
Let v(j) = -j**3 + 8*j**2 + 35*j - 15. Let z be v(11). Let i(d) = 16*d**2 - 9*d + 63. What is the hundreds digit of i(z)?
7
Let w = 37290 + -14003. What is the thousands digit of w?
3
Let p(l) = l + 9. Let a be p(-9). Suppose -5*k - 4*i = -215, 2*k + i - 83 = -a*k. Let b = -28 + k. What is the units digit of b?
1
Let x be 6 - (0*4/12)/3. What is the tens digit of 1 - ((-1392)/x + 4)?
2
What is the thousands digit of (196 - 194)*4/(-5)*103760/(-2)?
3
Let v(q) = 748*q - 196. What is the thousands digit of v(13)?
9
Suppose -5*z = 2*y - 4*y + 9164, 9180 = 2*y + 3*z. Suppose -44*b + y = -33*b. What is the tens digit of b?
1
Let l(x) = x**3 + x**2 + 3*x + 15. Let m be (152/3)/2 - (-60)/(-180). Let i be 1/(0 - (-5)/m). What is the hundreds digit of l(i)?
1
Suppose -23*i = 3*k - 22*i - 9245, 15412 = 5*k - 2*i. What is the hundreds digit of k?
0
Let g = 5212 + -2732. What is the hundreds digit of g?
4
Let u be (-99)/(-8) + -3*3/24. Suppose 0 = -9*m + u*m - 1218. What is the tens digit of m?
0
Let t(o) = -129*o - 362. What is the thousands digit of t(-22)?
2
Suppose 12*p - 388436 = -64*p. What is the units digit of p?
1
Let s be 1 - (-11981)/9 - (-46)/(-207). Suppose -16*u - s = 2732. Let m = 442 + u. What is the units digit of m?
8
Let i(a) = 2*a - 5. Let x be i(3). Suppose -5*l = -10 - 5. What is the units digit of x/l - 980/(-30)?
3
Suppose 68*c = 67*c + a + 79205, 5*c = a + 395997. What is the units digit of c?
8
Suppose -32*j = 55*j - 1559770 - 951572. What is the thousands digit of j?
8
Let w = 4295 - 651. What is the hundreds digit of w?
6
Suppose -6 = -a - 2. Suppose 3*c = -a*z - z + 1799, 3*z - 1087 = 2*c. Let y = 559 - z. What is the units digit of y?
8
Let a = 16590 - -5077. What is the units digit of a?
7
Suppose 0 = -5*v + p + 10889, 247*v + 4*p = 248*v - 2155. What is the tens digit of v?
7
Let v(i) = 9*i**2 - 8*i + 3. Let g be 39/(-21) - -2 - 451/(-77). What is the hundreds digit of v(g)?
2
Suppose 0 = -2631*h + 2632*h - 7995. What is the thousands digit of h?
7
Suppose 5*h - 250 = 220. Suppose -4*t - 2*m = -h, -4*m - 28 = -t - 0. What is the tens digit of t?
2
Suppose -2*b = 4*t + 8 - 4, -4*t = 3*b. Let p(z) = -105*z - 24. What is the units digit of p(t)?
1
Let h = 5 - 11. Let r(b) = b + 11. Let n be r(h). Suppose n*l - 1413 = -4*l. What is the hundreds digit of l?
1
Suppose 0 = 3*v - 306 + 168. Suppose -16 = 10*p - v. Suppose 884 = p*s + 344. What is the units digit of s?
0
Let l = 45 - 41. Suppose 0 = -o - u + 2*u + 12, l*u = 5*o - 56. Suppose -h = 3*v - 23, -h + 46 = -2*v + o. What is the units digit of h?
2
Suppose b - 30 = 31*b. Let y(u) = 223*u**2 - 4*u - 4. What is the units digit of y(b)?
3
What is the thousands digit of (615/45 - 15)*49509/(-6)?
1
Suppose 69*u - 510 = 64*u. Let z = 177 - u. Let p = -64 + z. What is the tens digit of p?
1
Let i(r) = 914*r - 6314. What is the units digit of i(36)?
0
Suppose -332*a = -601*a + 16637919. What is the units digit of a?
1
Let z be (0/(-2))/(-3 + 1). Suppose s + f = 22, 0 = -3*f - 0*f + 12. What is the units digit of (z + 100/(-3))*(-27)/s?
0
Let o = 996 - 1660. Let m = o - -1050. What is the tens digit of m?
8
Let n be (-2)/(-3) + 489/9 + 1. Let q = n - -76. Let x = q + -70. What is the tens digit of x?
6
Let f = -63 + 60. Let c be f/(-4) - 3/4. Suppose c = 6*d + 505 - 1351. What is the units digit of d?
1
Suppose -1 = -4*k + 11. Suppose k*t = 2*v - 606, 2*v - 2*t + 309 = 917. What is the tens digit of v?
0
Let t(n) = 4*n + 40. Let x be t(8). Let f = x + 212. What is the hundreds digit of f?
2
Suppose -9*a + 7*a = -2*s + 6, -5 = 5*a. Suppose s*k + 15*w = 16*w + 777, -5*k + 1947 = 2*w. What is the tens digit of k?
8
Suppose -1 - 14 = -5*u. Suppose u*f + 2*l - 8 = 0, 2*f + 4*l - 5 = 11. Suppose f = -3*b + 4*y + 176, 5*b - 177 = -3*y + 126. What is the units digit of b?
0
Let t(p) = 211*p**2 - 118*p + 30. What is the thousands digit of t(8)?
2
Let y be (0 - 2 - (-53)/3)/(118/(-1062)). Suppose d - 355 = 6*d. Let f = d - y. What is the units digit of f?
0
Let c = 1293 + -2346.